{"id":604,"date":"2024-09-27T09:53:18","date_gmt":"2024-09-27T09:53:18","guid":{"rendered":"http:\/\/www.biogascyl.info\/?page_id=604"},"modified":"2024-09-30T12:01:01","modified_gmt":"2024-09-30T12:01:01","slug":"normativa","status":"publish","type":"page","link":"https:\/\/www.biogascyl.info\/?page_id=604","title":{"rendered":"Normativa"},"content":{"rendered":"<p>* Este listado no pretende ser exhaustivo ni exclusivo, ya que pueden existir otras disposiciones normativas, como regulaciones adicionales que no est\u00e9n incluidas.<\/p>\n<ul>\n<li>Ley 10\/1998, de 5 de diciembre de Ordenaci\u00f3n del Territorio de la Comunidad de Castilla y Le\u00f3n<\/li>\n<\/ul>\n<p><a href=\"https:\/\/www.boe.es\/buscar\/pdf\/1999\/BOE-A-1999-1240-consolidado.pdf\">https:\/\/www.boe.es\/buscar\/pdf\/1999\/BOE-A-1999-1240-consolidado.pdf<\/a><\/p>\n<ul>\n<li>Estrategia de Econom\u00eda Circular de Castilla y Le\u00f3n, aprobada mediante Acuerdo 115\/2021, de 14 de octubre, de la Junta de Castilla y Le\u00f3n<\/li>\n<\/ul>\n<p><a href=\"https:\/\/bocyl.jcyl.es\/boletines\/2021\/10\/18\/pdf\/BOCYL-D-18102021-17.pdf\">https:\/\/bocyl.jcyl.es\/boletines\/2021\/10\/18\/pdf\/BOCYL-D-18102021-17.pdf<\/a><\/p>\n<ul>\n<li>Estrategia de Investigaci\u00f3n e Innovaci\u00f3n para una Especializaci\u00f3n Inteligente (RIS3) para el per\u00edodo 2021 \u2013 2027<\/li>\n<\/ul>\n<p><a href=\"https:\/\/cienciaytecnologia.jcyl.es\/web\/jcyl\/binarios\/719\/376\/RIS3-CyL-vWeb.pdf?blobheader=application%2Fpdf%3Bcharset%3DUTF-8&amp;blobnocache=true\">https:\/\/cienciaytecnologia.jcyl.es\/web\/jcyl\/binarios\/719\/376\/RIS3-CyL-vWeb.pdf?blobheader=application%2Fpdf%3Bcharset%3DUTF-8&amp;blobnocache=true<\/a><\/p>\n<ul>\n<li>Reglamento (CE) n\u00ba 1069\/2009 del Parlamento Europeo y del Consejo de 21 de octubre de 2009 por el que se establecen las normas sanitarias aplicables a los subproductos animales y los productos derivados no destinados al consumo humano<\/li>\n<\/ul>\n<p><a href=\"https:\/\/www.boe.es\/doue\/2009\/300\/L00001-00033.pdf\">https:\/\/www.boe.es\/doue\/2009\/300\/L00001-00033.pdf<\/a><\/p>\n<ul>\n<li>Real Decreto 1528\/2012, de 8 de noviembre, por el que se establecen las normas aplicables a los subproductos animales y los productos derivados no destinados al consumo humano<\/li>\n<\/ul>\n<p><a href=\"https:\/\/www.boe.es\/buscar\/pdf\/2012\/BOE-A-2012-14165-consolidado.pdf\">https:\/\/www.boe.es\/buscar\/pdf\/2012\/BOE-A-2012-14165-consolidado.pdf<\/a><\/p>\n<ul>\n<li>Orden AGR\/1073\/2019 de 22 de octubre la que regula el Registro de establecimientos y operadores de subproductos animales y productos derivados no destinados a consumo humano de la Comunidad de Castilla y Le\u00f3n<\/li>\n<\/ul>\n<p><a href=\"https:\/\/bocyl.jcyl.es\/boletines\/2019\/11\/15\/pdf\/BOCYL-D-15112019-2.pdf\">https:\/\/bocyl.jcyl.es\/boletines\/2019\/11\/15\/pdf\/BOCYL-D-15112019-2.pdf<\/a><\/p>\n<ul>\n<li>Orden AYG\/397\/2006, de 9 de marzo, regula el registro general de transportistas y medios de transporte de subproductos animales no destinados al consumo humano que operan en Castilla y Le\u00f3n<\/li>\n<\/ul>\n<p><a href=\"https:\/\/bocyl.jcyl.es\/boletines\/2006\/03\/16\/pdf\/BOCYL-D-16032006-21.pdf\">https:\/\/bocyl.jcyl.es\/boletines\/2006\/03\/16\/pdf\/BOCYL-D-16032006-21.pdf<\/a><\/p>\n<ul>\n<li>REGLAMENTO (UE) 2019\/1009 DEL PARLAMENTO EUROPEO Y DEL CONSEJO de 5 de junio de 2019 por el que se establecen disposiciones relativas a la puesta a disposici\u00f3n en el mercado de los productos fertilizantes UE y se modifican los Reglamentos (CE) n.o 1069\/2009 y (CE) n.o 1107\/2009 y se deroga el Reglamento (CE) n.o 2003\/2003.<\/li>\n<\/ul>\n<p><a href=\"https:\/\/www.boe.es\/doue\/2019\/170\/L00001-00114.pdf\">https:\/\/www.boe.es\/doue\/2019\/170\/L00001-00114.pdf<\/a><\/p>\n<ul>\n<li>Real Decreto 506\/2013, de 28 de junio, sobre productos fertilizantes.<\/li>\n<\/ul>\n<p><a href=\"https:\/\/www.boe.es\/buscar\/pdf\/2013\/BOE-A-2013-7540-consolidado.pdf\">https:\/\/www.boe.es\/buscar\/pdf\/2013\/BOE-A-2013-7540-consolidado.pdf<\/a><\/p>\n<ul>\n<li>Real Decreto 529\/2023, de 20 de junio, por el que se modifica el Real Decreto 506\/2013, de 28 de junio, sobre productos fertilizantes.<\/li>\n<\/ul>\n<p><a href=\"https:\/\/www.boe.es\/boe\/dias\/2023\/07\/07\/pdfs\/BOE-A-2023-15736.pdf\">https:\/\/www.boe.es\/boe\/dias\/2023\/07\/07\/pdfs\/BOE-A-2023-15736.pdf<\/a><\/p>\n<ul>\n<li>Real Decreto 47\/2022, de 18 de enero, sobre protecci\u00f3n de las aguas contra la contaminaci\u00f3n difusa producida por los nitratos procedentes de fuentes agrarias<\/li>\n<\/ul>\n<p><a href=\"https:\/\/www.boe.es\/buscar\/pdf\/2022\/BOE-A-2022-860-consolidado.pdf\">https:\/\/www.boe.es\/buscar\/pdf\/2022\/BOE-A-2022-860-consolidado.pdf<\/a><\/p>\n<ul>\n<li>Real Decreto 1051\/2022, de 27 de diciembre, por el que se establecen normas para la nutrici\u00f3n sostenible en los suelos agrarios y posterior modificaci\u00f3n modificado por Real Decreto 92\/2024, de 23 de enero y el Real Decreto 840\/2024, de 27 de agosto<\/li>\n<\/ul>\n<p><a href=\"https:\/\/www.boe.es\/buscar\/act.php?id=BOE-A-2022-23052\">https:\/\/www.boe.es\/buscar\/act.php?id=BOE-A-2022-23052<\/a><\/p>\n<ul>\n<li>Directiva (UE) 2018\/851 del Parlamento Europeo y del Consejo, de 30 de mayo de 2018, por la que se modifica la Directiva 2008\/98\/CE sobre los residuos<\/li>\n<\/ul>\n<p><a href=\"https:\/\/www.boe.es\/doue\/2018\/150\/L00109-00140.pdf\">https:\/\/www.boe.es\/doue\/2018\/150\/L00109-00140.pdf<\/a><\/p>\n<ul>\n<li>Ley 7\/2022, de 8 de abril, de residuos y suelos contaminados para una econom\u00eda circular<\/li>\n<\/ul>\n<p><a href=\"https:\/\/www.boe.es\/buscar\/pdf\/2022\/BOE-A-2022-5809-consolidado.pdf\">https:\/\/www.boe.es\/buscar\/pdf\/2022\/BOE-A-2022-5809-consolidado.pdf<\/a><\/p>\n<ul>\n<li>Decreto 11\/2014, de 20 de marzo el Plan Integral de Residuos de Castilla y Le\u00f3n (PIRCyL) como un instrumento de planificaci\u00f3n y ordenaci\u00f3n<\/li>\n<\/ul>\n<p><a href=\"https:\/\/medioambiente.jcyl.es\/web\/jcyl\/binarios\/169\/1010\/PIRCYL%2013.3.2014,0.pdf?blobheader=application%2Fpdf%3Bcharset%3DUTF-8&amp;blobnocache=true\">https:\/\/medioambiente.jcyl.es\/web\/jcyl\/binarios\/169\/1010\/PIRCYL%2013.3.2014,0.pdf?blobheader=application%2Fpdf%3Bcharset%3DUTF-8&amp;blobnocache=true<\/a><\/p>\n<ul>\n<li>Real Decreto Legislativo 1\/2016, de 16 de diciembre, por el que se aprueba el texto refundido de la Ley de prevenci\u00f3n y control<\/li>\n<\/ul>\n<p>integrados de la contaminaci\u00f3n<\/p>\n<p><a href=\"https:\/\/www.boe.es\/buscar\/pdf\/2016\/BOE-A-2016-12601-consolidado.pdf\">https:\/\/www.boe.es\/buscar\/pdf\/2016\/BOE-A-2016-12601-consolidado.pdf<\/a><\/p>\n<ul>\n<li>Real Decreto 815\/2013, de 18 de octubre, por el que se aprueba el Reglamento de emisiones industriales y de desarrollo de la Ley 16\/2002, de 1 de julio, de prevenci\u00f3n y control integrados de la contaminaci\u00f3n.<\/li>\n<\/ul>\n<p><a href=\"https:\/\/www.boe.es\/buscar\/pdf\/2013\/BOE-A-2013-10949-consolidado.pdf\">https:\/\/www.boe.es\/buscar\/pdf\/2013\/BOE-A-2013-10949-consolidado.pdf<\/a><\/p>\n<ul>\n<li>Decreto legislativo 1\/2015, de 12 de noviembre, por el que se aprueba el texto refundido de la Ley de Prevenci\u00f3n Ambiental de Castilla y Le\u00f3n.<\/li>\n<\/ul>\n<p><a href=\"https:\/\/www.boe.es\/buscar\/pdf\/2015\/BOCL-h-2015-90590-consolidado.pdf\">https:\/\/www.boe.es\/buscar\/pdf\/2015\/BOCL-h-2015-90590-consolidado.pdf<\/a><\/p>\n<ul>\n<li>Decisi\u00f3n de Ejecuci\u00f3n (UE) 2018\/1147 de la Comisi\u00f3n de 10 de agosto de 2018 por la que se establecen las conclusiones sobre las mejores t\u00e9cnicas disponibles (MTD) en el <strong>tratamiento de residuos<\/strong><\/li>\n<\/ul>\n<p><a href=\"https:\/\/www.boe.es\/doue\/2018\/208\/L00038-00090.pdf\">https:\/\/www.boe.es\/doue\/2018\/208\/L00038-00090.pdf<\/a><\/p>\n<ul>\n<li>Directiva (UE) 2018\/2001 del Parlamento Europeo y del Consejo, de 11 de diciembre de 2018, relativa al fomento del uso de energ\u00eda procedente de fuentes renovables.<\/li>\n<\/ul>\n<p><a href=\"https:\/\/www.boe.es\/doue\/2018\/328\/L00082-00209.pdf\">https:\/\/www.boe.es\/doue\/2018\/328\/L00082-00209.pdf<\/a><\/p>\n<ul>\n<li>Ley 7\/2021, de 20 de mayo, de cambio clim\u00e1tico y transici\u00f3n energ\u00e9tica<\/li>\n<\/ul>\n<p><a href=\"https:\/\/www.boe.es\/buscar\/pdf\/2021\/BOE-A-2021-8447-consolidado.pdf\">https:\/\/www.boe.es\/buscar\/pdf\/2021\/BOE-A-2021-8447-consolidado.pdf<\/a><\/p>\n<ul>\n<li>Estrategia Espa\u00f1ola de Cambio Clim\u00e1tico y Energ\u00eda Limpia (Horizonte 2007-2012-2020)<\/li>\n<\/ul>\n<p><a href=\"https:\/\/www.miteco.gob.es\/content\/dam\/miteco\/es\/cambio-climatico\/legislacion\/documentacion\/est_cc_energ_limp_tcm30-178762.pdf\">https:\/\/www.miteco.gob.es\/content\/dam\/miteco\/es\/cambio-climatico\/legislacion\/documentacion\/est_cc_energ_limp_tcm30-178762.pdf<\/a><\/p>\n<ul>\n<li>Plan REPowerEU<\/li>\n<\/ul>\n<p><a href=\"https:\/\/delegacionue.camara.es\/sites\/default\/files\/2023-06\/Comunicacion%20de%20la%20Comisi%C3%B3n_Plan%20REPowerEU.pdf\">https:\/\/delegacionue.camara.es\/sites\/default\/files\/2023-06\/Comunicacion%20de%20la%20Comisi%C3%B3n_Plan%20REPowerEU.pdf<\/a><\/p>\n<ul>\n<li>Plan de Acci\u00f3n del Biometano<\/li>\n<\/ul>\n<p><a href=\"https:\/\/eur-lex.europa.eu\/legal-content\/EN\/TXT\/?uri=SWD%3A2022%3A230%3AFIN&amp;qid=1653033922121\">https:\/\/eur-lex.europa.eu\/legal-content\/EN\/TXT\/?uri=SWD%3A2022%3A230%3AFIN&amp;qid=1653033922121<\/a><\/p>\n<ul>\n<li>Hoja de ruta del Biog\u00e1s<\/li>\n<\/ul>\n<p><a href=\"https:\/\/www.miteco.gob.es\/content\/dam\/miteco\/es\/energia\/files-1\/es-es\/Novedades\/Documents\/00HR_Biogas_V6.pdf\">https:\/\/www.miteco.gob.es\/content\/dam\/miteco\/es\/energia\/files-1\/es-es\/Novedades\/Documents\/00HR_Biogas_V6.pdf<\/a><\/p>\n\n\n<p><\/p>","protected":false},"excerpt":{"rendered":"<p>* Este listado no pretende ser exhaustivo ni exclusivo, ya que pueden existir otras disposiciones normativas, como regulaciones adicionales que [&hellip;]<\/p>\n","protected":false},"author":1,"featured_media":0,"parent":0,"menu_order":0,"comment_status":"closed","ping_status":"closed","template":"","meta":{"footnotes":""},"class_list":["post-604","page","type-page","status-publish","hentry"],"_links":{"self":[{"href":"https:\/\/www.biogascyl.info\/index.php?rest_route=\/wp\/v2\/pages\/604"}],"collection":[{"href":"https:\/\/www.biogascyl.info\/index.php?rest_route=\/wp\/v2\/pages"}],"about":[{"href":"https:\/\/www.biogascyl.info\/index.php?rest_route=\/wp\/v2\/types\/page"}],"author":[{"embeddable":true,"href":"https:\/\/www.biogascyl.info\/index.php?rest_route=\/wp\/v2\/users\/1"}],"replies":[{"embeddable":true,"href":"https:\/\/www.biogascyl.info\/index.php?rest_route=%2Fwp%2Fv2%2Fcomments&post=604"}],"version-history":[{"count":4,"href":"https:\/\/www.biogascyl.info\/index.php?rest_route=\/wp\/v2\/pages\/604\/revisions"}],"predecessor-version":[{"id":661,"href":"https:\/\/www.biogascyl.info\/index.php?rest_route=\/wp\/v2\/pages\/604\/revisions\/661"}],"wp:attachment":[{"href":"https:\/\/www.biogascyl.info\/index.php?rest_route=%2Fwp%2Fv2%2Fmedia&parent=604"}],"curies":[{"name":"wp","href":"https:\/\/api.w.org\/{rel}","templated":true}]}}